{"id":3626,"date":"2024-03-13T00:18:30","date_gmt":"2024-03-13T00:18:30","guid":{"rendered":"https:\/\/saffir.ma\/?post_type=product&#038;p=3626"},"modified":"2026-02-26T01:31:04","modified_gmt":"2026-02-26T01:31:04","slug":"lavender-essential-oil-30-ml","status":"publish","type":"product","link":"https:\/\/saffir.ma\/fr\/produit\/lavender-essential-oil-30-ml\/","title":{"rendered":"Huile Essentielle de Lavande \u2013 Saffir"},"content":{"rendered":"<p style=\"text-align: left;\" data-start=\"445\" data-end=\"580\">L\u2019<strong data-start=\"447\" data-end=\"486\">huile essentielle de lavande Saffir<\/strong> est extraite du plant de lavande, reconnu pour son parfum doux, floral et l\u00e9g\u00e8rement herbac\u00e9.<\/p>\n<p style=\"text-align: left;\" data-start=\"582\" data-end=\"654\">Appr\u00e9ci\u00e9e pour son ar\u00f4me naturellement apaisant, elle se distingue par :<\/p>\n<p style=\"text-align: left;\" data-start=\"656\" data-end=\"780\">\ud83d\udc9c Une fragrance florale d\u00e9licate et relaxante<br data-start=\"702\" data-end=\"705\" \/>\ud83c\udf3f Des notes herbac\u00e9es fra\u00eeches<br data-start=\"736\" data-end=\"739\" \/>\u2728 Une sensation de calme et d\u2019\u00e9quilibre<\/p>\n<p style=\"text-align: left;\" data-start=\"782\" data-end=\"864\">Traditionnellement utilis\u00e9e en aromath\u00e9rapie, l\u2019huile de lavande est id\u00e9ale pour :<\/p>\n<ul style=\"text-align: left;\" data-start=\"866\" data-end=\"1029\">\n<li data-start=\"866\" data-end=\"908\">\n<p data-start=\"868\" data-end=\"908\">cr\u00e9er une ambiance sereine \u00e0 la maison<\/p>\n<\/li>\n<li data-start=\"909\" data-end=\"950\">\n<p data-start=\"911\" data-end=\"950\">accompagner les moments de relaxation<\/p>\n<\/li>\n<li data-start=\"951\" data-end=\"996\">\n<p data-start=\"953\" data-end=\"996\">favoriser une atmosph\u00e8re propice au repos<\/p>\n<\/li>\n<li data-start=\"997\" data-end=\"1029\">\n<p data-start=\"999\" data-end=\"1029\">enrichir un rituel bien-\u00eatre<\/p>\n<\/li>\n<\/ul>\n<h3 style=\"text-align: left;\" data-start=\"1036\" data-end=\"1065\">\ud83c\udf38 Utilisations possibles<\/h3>\n<ul style=\"text-align: left;\" data-start=\"1067\" data-end=\"1229\">\n<li data-start=\"1067\" data-end=\"1094\">\n<p data-start=\"1069\" data-end=\"1094\">Diffusion atmosph\u00e9rique<\/p>\n<\/li>\n<li data-start=\"1095\" data-end=\"1152\">\n<p data-start=\"1097\" data-end=\"1152\">M\u00e9lange avec une huile v\u00e9g\u00e9tale pour massage (dilu\u00e9e)<\/p>\n<\/li>\n<li data-start=\"1153\" data-end=\"1179\">\n<p data-start=\"1155\" data-end=\"1179\">Rituel d\u00e9tente du soir<\/p>\n<\/li>\n<li data-start=\"1180\" data-end=\"1229\">\n<p data-start=\"1182\" data-end=\"1229\">Parfum naturel pour int\u00e9rieur ou linge (dilu\u00e9e)<\/p>\n<\/li>\n<\/ul>\n<h3 style=\"text-align: left;\" data-start=\"1236\" data-end=\"1258\">\ud83c\udf3f Profil olfactif<\/h3>\n<p style=\"text-align: left;\" data-start=\"1260\" data-end=\"1333\">Famille : Florale \u2013 Herbac\u00e9e<br data-start=\"1288\" data-end=\"1291\" \/>Caract\u00e8re : Doux \u2013 Apaisant \u2013 Harmonieux<\/p>\n<h3 style=\"text-align: left;\" data-start=\"1340\" data-end=\"1358\">\u26a0\ufe0f Pr\u00e9cautions<\/h3>\n<ul data-start=\"1360\" data-end=\"1525\">\n<li style=\"text-align: left;\" data-start=\"1360\" data-end=\"1388\">\n<p data-start=\"1362\" data-end=\"1388\">Usage externe uniquement<\/p>\n<\/li>\n<li style=\"text-align: left;\" data-start=\"1389\" data-end=\"1434\">\n<p data-start=\"1391\" data-end=\"1434\">Toujours diluer avant application cutan\u00e9e<\/p>\n<\/li>\n<li style=\"text-align: left;\" data-start=\"1435\" data-end=\"1489\">\n<p data-start=\"1437\" data-end=\"1489\">D\u00e9conseill\u00e9 aux femmes enceintes et jeunes enfants<\/p>\n<\/li>\n<li data-start=\"1490\" data-end=\"1525\">\n<p style=\"text-align: left;\" data-start=\"1492\" data-end=\"1525\">\u00c9viter le contact avec les yeux<\/p>\n<\/li>\n<\/ul>","protected":false},"excerpt":{"rendered":"<p style=\"font-weight: 400; text-align: left;\">D\u00e9couvrez l\u2019<strong data-start=\"219\" data-end=\"258\">huile essentielle de lavande Saffir<\/strong>, un extrait aromatique aux notes florales et herbac\u00e9es apaisantes. Id\u00e9ale en diffusion, elle favorise une atmosph\u00e8re relaxante et harmonieuse.<\/p>","protected":false},"featured_media":3652,"comment_status":"open","ping_status":"closed","template":"","meta":{"_acf_changed":false,"content-type":""},"product_brand":[],"product_cat":[107,75],"product_tag":[],"class_list":{"0":"post-3626","1":"product","2":"type-product","3":"status-publish","4":"has-post-thumbnail","6":"product_cat-essential-oils","7":"product_cat-cosmitics","9":"first","10":"instock","11":"shipping-taxable","12":"purchasable","13":"product-type-simple"},"acf":[],"jetpack_sharing_enabled":true,"_links":{"self":[{"href":"https:\/\/saffir.ma\/fr\/wp-json\/wp\/v2\/product\/3626","targetHints":{"allow":["GET"]}}],"collection":[{"href":"https:\/\/saffir.ma\/fr\/wp-json\/wp\/v2\/product"}],"about":[{"href":"https:\/\/saffir.ma\/fr\/wp-json\/wp\/v2\/types\/product"}],"replies":[{"embeddable":true,"href":"https:\/\/saffir.ma\/fr\/wp-json\/wp\/v2\/comments?post=3626"}],"wp:featuredmedia":[{"embeddable":true,"href":"https:\/\/saffir.ma\/fr\/wp-json\/wp\/v2\/media\/3652"}],"wp:attachment":[{"href":"https:\/\/saffir.ma\/fr\/wp-json\/wp\/v2\/media?parent=3626"}],"wp:term":[{"taxonomy":"product_brand","embeddable":true,"href":"https:\/\/saffir.ma\/fr\/wp-json\/wp\/v2\/product_brand?post=3626"},{"taxonomy":"product_cat","embeddable":true,"href":"https:\/\/saffir.ma\/fr\/wp-json\/wp\/v2\/product_cat?post=3626"},{"taxonomy":"product_tag","embeddable":true,"href":"https:\/\/saffir.ma\/fr\/wp-json\/wp\/v2\/product_tag?post=3626"}],"curies":[{"name":"wp","href":"https:\/\/api.w.org\/{rel}","templated":true}]}}

<p style="text-align: left;" data-start="445" data-end="580">L’<strong data-start="447" data-end="486">huile essentielle de lavande Saffir</strong> est extraite du plant de lavande, reconnu pour son parfum doux, floral et légèrement herbacé.</p>
<p style="text-align: left;" data-start="582" data-end="654">Appréciée pour son arôme naturellement apaisant, elle se distingue par :</p>
<p style="text-align: left;" data-start="656" data-end="780">💜 Une fragrance florale délicate et relaxante<br data-start="702" data-end="705" />🌿 Des notes herbacées fraîches<br data-start="736" data-end="739" />✨ Une sensation de calme et d’équilibre</p>
<p style="text-align: left;" data-start="782" data-end="864">Traditionnellement utilisée en aromathérapie, l’huile de lavande est idéale pour :</p>
<ul style="text-align: left;" data-start="866" data-end="1029">
<li data-start="866" data-end="908">
<p data-start="868" data-end="908">créer une ambiance sereine à la maison</p>
</li>
<li data-start="909" data-end="950">
<p data-start="911" data-end="950">accompagner les moments de relaxation</p>
</li>
<li data-start="951" data-end="996">
<p data-start="953" data-end="996">favoriser une atmosphère propice au repos</p>
</li>
<li data-start="997" data-end="1029">
<p data-start="999" data-end="1029">enrichir un rituel bien-être</p>
</li>
</ul>
<h3 style="text-align: left;" data-start="1036" data-end="1065">🌸 Utilisations possibles</h3>
<ul style="text-align: left;" data-start="1067" data-end="1229">
<li data-start="1067" data-end="1094">
<p data-start="1069" data-end="1094">Diffusion atmosphérique</p>
</li>
<li data-start="1095" data-end="1152">
<p data-start="1097" data-end="1152">Mélange avec une huile végétale pour massage (diluée)</p>
</li>
<li data-start="1153" data-end="1179">
<p data-start="1155" data-end="1179">Rituel détente du soir</p>
</li>
<li data-start="1180" data-end="1229">
<p data-start="1182" data-end="1229">Parfum naturel pour intérieur ou linge (diluée)</p>
</li>
</ul>
<h3 style="text-align: left;" data-start="1236" data-end="1258">🌿 Profil olfactif</h3>
<p style="text-align: left;" data-start="1260" data-end="1333">Famille : Florale – Herbacée<br data-start="1288" data-end="1291" />Caractère : Doux – Apaisant – Harmonieux</p>
<h3 style="text-align: left;" data-start="1340" data-end="1358">⚠️ Précautions</h3>
<ul data-start="1360" data-end="1525">
<li style="text-align: left;" data-start="1360" data-end="1388">
<p data-start="1362" data-end="1388">Usage externe uniquement</p>
</li>
<li style="text-align: left;" data-start="1389" data-end="1434">
<p data-start="1391" data-end="1434">Toujours diluer avant application cutanée</p>
</li>
<li style="text-align: left;" data-start="1435" data-end="1489">
<p data-start="1437" data-end="1489">Déconseillé aux femmes enceintes et jeunes enfants</p>
</li>
<li data-start="1490" data-end="1525">
<p style="text-align: left;" data-start="1492" data-end="1525">Éviter le contact avec les yeux</p>
</li>
</ul>

<p style="font-weight: 400; text-align: left;">Découvrez l’<strong data-start="219" data-end="258">huile essentielle de lavande Saffir</strong>, un extrait aromatique aux notes florales et herbacées apaisantes. Idéale en diffusion, elle favorise une atmosphère relaxante et harmonieuse.</p>
